2826?
False
Does 3 divide 227?
False
Is 958 a multiple of 17?
False
Is 536 a multiple of 2?
True
Is 80142 a multiple of 361?
True
Does 16 divide 1452?
False
Is 17 a factor of 203?
False
Does 16 divide 474?
False
Does 9 divide 9862?
False
Does 9 divide 1269?
True
Is 33 a factor of 957?
True
Does 44 divide 1379?
False
Is 17 a factor of 11135?
True
Is 48 a factor of 1885?
False
Is 580 a multiple of 20?
True
Is 20 a factor of 5518?
False
Is 16 a factor of 915?
False
Does 9 divide 11466?
True
Is 5712 a multiple of 17?
True
Does 22 divide 110?
True
Is 253 a multiple of 23?
True
Does 17 divide 274?
False
Is 116 a factor of 4988?
True
Does 34 divide 3162?
True
Is 3690 a multiple of 82?
True
Is 104580 a multiple of 60?
True
Does 20 divide 3360?
True
Is 43 a factor of 1247?
True
Does 134 divide 32428?
True
Is 6 a factor of 153?
False
Is 1060 a multiple of 20?
True
Does 85 divide 12627?
False
Does 8 divide 320?
True
Is 8577 a multiple of 109?
False
Does 3 divide 2321?
False
Does 78 divide 17488?
False
Is 5304 a multiple of 34?
True
Is 264 a multiple of 24?
True
Does 16 divide 9250?
False
Is 1012 a multiple of 11?
True
Does 27 divide 81?
True
Is 630 a multiple of 35?
True
Is 315 a multiple of 6?
False
Does 7 divide 34?
False
Is 14 a factor of 4634?
True
Is 20 a factor of 180?
True
Is 45 a factor of 25875?
True
Is 15852 a multiple of 4?
True
Is 93 a factor of 3534?
True
Is 32167 a multiple of 128?
False
Does 114 divide 19136?
False
Is 38911 a multiple of 167?
True
Is 29 a factor of 1015?
True
Is 33 a multiple of 33?
True
Is 7 a factor of 210?
True
Is 19 a factor of 636?
False
Is 11 a factor of 15829?
True
Is 53 a factor of 5035?
True
Is 12530 a multiple of 10?
True
Is 8 a factor of 3270?
False
Is 4 a factor of 104?
True
Is 15 a factor of 255?
True
Is 13 a factor of 1248?
True
Is 690 a multiple of 46?
True
Is 821 a multiple of 8?
False
Does 22 divide 61446?
True
Does 55 divide 36685?
True
Is 38 a factor of 532?
True
Does 109 divide 2834?
True
Is 13 a factor of 117?
True
Does 22 divide 814?
True
Is 6 a factor of 426?
True
Is 52 a factor of 1248?
True
Is 40 a multiple of 10?
True
Is 10 a factor of 22460?
True
Is 2076 a multiple of 12?
True
Is 15 a factor of 424?
False
Does 22 divide 675?
False
Does 186 divide 50597?
False
Is 3948 a multiple of 7?
True
Is 42075 a multiple of 255?
True
Is 40640 a multiple of 254?
True
Does 8 divide 2121?
False
Does 6 divide 33114?
True
Is 3297 a multiple of 21?
True
Does 9 divide 18612?
True
Is 9 a factor of 7659?
True
Is 12 a factor of 59928?
True
Is 33 a factor of 9207?
True
Is 131 a multiple of 5?
False
Does 65 divide 319?
False
Is 126 a multiple of 7?
True
Is 39165 a multiple of 7?
True
Is 21 a factor of 3255?
True
Does 10 divide 140?
True
Is 11 a factor of 2167?
True
Is 992 a multiple of 4?
True
Does 49 divide 6985?
False
Does 63 divide 1575?
True
Does 31 divide 465?
True
Is 95 a factor of 8054?
False
Is 18687 a multiple of 3?
True
Does 10 divide 11388?
False
Is 15 a factor of 32651?
False
Does 67 divide 2311?
False
Is 9590 a multiple of 10?
True
Is 22686 a multiple of 3?
True
Does 15 divide 9390?
True
Is 45 a multiple of 2?
False
Is 149 a multiple of 12?
False
Is 20 a factor of 2186?
False
Is 7776 a multiple of 54?
True
Does 17 divide 9187?
False
Does 18 divide 4986?
True
Is 20 a factor of 1720?
True
Is 84 a multiple of 28?
True
Does 231 divide 4911?
False
Does 20 divide 8203?
False
Does 24 divide 2856?
True
Is 16 a factor of 2896?
True
Is 104 a multiple of 104?
True
Is 1927 a multiple of 118?
False
Is 22400 a multiple of 10?
True
Is 12852 a multiple of 63?
True
Does 21 divide 19848?
False
Is 57 a factor of 106?
False
Is 36 a factor of 648?
True
Is 11 a factor of 7814?
False
Is 2355 a multiple of 16?
False
Is 77932 a multiple of 8?
False
Is 233 a factor of 110912?
False
Is 27 a factor of 1957?
False
Is 11 a factor of 17600?
True
Does 299 divide 10264?
False
Is 16 a factor of 16864?
True
Does 21 divide 9933?
True
Is 465 a multiple of 31?
True
Is 10 a factor of 1021?
False
Is 375 a factor of 90814?
False
Is 55 a factor of 1540?
True
Is 12 a factor of 1084?
False
Does 18 divide 18?
True
Is 1729 a multiple of 29?
False
Does 25 divide 2753?
False
Is 5418 a multiple of 56?
False
Is 22 a factor of 22?
True
Is 675 a multiple of 45?
True
Is 24 a factor of 6552?
True
Is 27 a factor of 2061?
False
Is 38203 a multiple of 69?
False
Is 84 a factor of 19824?
True
Is 104 a multiple of 61?
False
Is 44 a factor of 133932?
False
Is 36 a factor of 3492?
True
Is 55216 a multiple of 28?
True
Is 3913 a multiple of 43?
True
Does 6 divide 6122?
False
Is 23 a factor of 294?
False
Is 35 a factor of 9800?
True
Is 10 a factor of 140?
True
Is 9 a factor of 522?
True
Does 10 divide 240?
True
Does 4 divide 181?
False
Does 87 divide 1285?
False
Is 45 a factor of 1035?
True
Does 21 divide 1197?
True
Does 2 divide 67?
False
Is 1587 a multiple of 69?
True
Is 9 a factor of 45?
True
Is 782 a multiple of 2?
True
Is 2627 a multiple of 35?
False
Is 625 a multiple of 9?
False
Is 2 a factor of 326?
True
Is 79 a factor of 12956?
True
Does 19 divide 3876?
True
Is 10 a factor of 291?
False
Is 23 a factor of 276?
True
Does 34 divide 24030?
False
Is 15973 a multiple of 29?
False
Does 33 divide 35673?
True
Is 21 a factor of 609?
True
Is 18 a factor of 4013?
False
Is 26 a factor of 28684?
False
Is 18 a factor of 2327?
False
Does 25 divide 2825?
True
Is 79 a factor of 3871?
True
Does 3 divide 36?
True
Does 2 divide 277?
False
Is 32 a factor of 192?
True
Does 18 divide 2907?
False
Is 34 a factor of 6126?
False
Does 6 divide 966?
True
Is 9 a factor of 1127?
False
Is 6970 a multiple of 85?
True
Does 16 divide 835?
False
Is 76 a factor of 12996?
True
Is 144 a multiple of 8?
True
Is 1296 a multiple of 54?
True
Does 80 divide 1440?
True
Is 18 a factor of 7506?
True
Is 72 a multiple of 6?
True
Is 465 a multiple of 18?
False
Is 22 a factor of 198?
True
Is 286 a multiple of 11?
True
Is 2350 a multiple of 37?
False
Is 387 a multiple of 27?
False
Is 16 a factor of 2592?
True
Is 114924 a multiple of 314?
True
Is 32 a multiple of 32?
True
Does 23 divide 5953?
False
Does 11 divide 1199?
True
Is 36 a factor of 936?
True
Does 7 divide 116?
False
Is 3524 a multiple of 31?
False
Is 407 a multiple of 3?
False
Is 167 a multiple of 2?
False
Is 9 a factor of 862?
False
Is 64 even?
True
Is 6595 a multiple of 75?
False
Is 48 a factor of 96?
True
Does 24 divide 2016?
True
Is 10300 a multiple of 206?
True
Does 7 divide 20?
False
Is 704 a multiple of 22?
True
Does 23 divide 1099?
False
Is 63 a factor of 7391?
False
Does 116 divide 6960?
True
Is 15 a factor of 780?
True
Is 13 a factor of 1963?
True
Is 12 a factor of 9342?
False
Does 88 divide 15519?
False
Is 30 a factor of 51090?
True
Is 146 a factor of 8695?
False
Is 56 a multiple of 7?
True
Does 139 divide 1668?
True
Does 10 divide 2023?
False
Is 32205 a multiple of 57?
True
Is 23 a factor of 246?
False
Does 12 divide 1020?
True
Does 13 divide 8996?
True
Does 11 divide 3837?
False
Is 7 a factor of 14271?
False
Is 30 a factor of 1718?
False
Is 136 a multiple of 5?
False
Does 257 divide 4626?
True
Does 60 divide 1967?
False
Is 48 a factor of 26496?
True
Is 212 a multiple of 53?
True
Is 423 a multiple of 45?
False
Is 4007 a multiple of 65?
False
Is 456 a multiple of 8?
True
Does 2 divide 3655?
False
Is 58 a multiple of 3?
False
Does 97 divide 62565?
True
Is 63349 a multiple of 85?
False
Does 38 divide 1064?
True
Is 39 a factor of 1669?
False
Is 4995 a multiple of 111?
True
Does 153 divide 50643?
True
Is 3641 a multiple of 4?
False
Is 15 a factor of 8319?
False
Does 12 divide 1023?
False
Is 4830 a multiple of 138?
True
Is 3 a factor of 10?
False
Is 25 a factor of 274?
False
Is 2014 a multiple of 10?
False
Is 13 a factor of 5293?
False
Is 803 a multiple of 11?
True
Is 13 a factor of 988?
True
Does 26 divide 33020?
True
Is 56760 a multiple of 66?
True
Is 894 a multiple of 2?
True
Does 10 divide 40120?
True
Does 195 divide 20997?
False
Is 7 a factor of 3561?
False
Is 52 a factor of 864?
False
Is 18 a factor of 8532?
True
Does 23 divide 2875?
True
Does 51 divide 153?
True
Does 12 divide 10968?
True
Does 54 divide 864?
True
Does 42 divide 1780?
False
Does 3 divide 14384?
False
Is 116 a factor of 33292?
True
Is 17 a factor of 4471?
True
Does 12 divide 